digit of r?
1
Suppose -506 = -4*n - 2*r, -5*r = 3*n - 271 - 98. What is the units digit of n?
8
Let m = 20 + -13. What is the units digit of m?
7
Let y = -26 + 67. What is the tens digit of y?
4
What is the tens digit of (-6)/21 + (-570)/(-35)?
1
What is the tens digit of (-3 - (0 + -1)) + 16?
1
Let j be 1*(-9)/3*-3. Let d = j + 3. What is the units digit of d?
2
Let k be (-4)/((-1)/8*2). Suppose -5*p = 3*x - 10 + 36, 5*p - 2*x + k = 0. What is the units digit of (-13)/(-1) + 8/p?
1
Let o = -87 + 156. Let w = o + -39. What is the tens digit of w?
3
Suppose -q = -c + 21, -36 - 69 = -5*c - 4*q. Let m = c + 8. What is the units digit of m?
9
What is the tens digit of ((-28)/5)/(8/(-80))?
5
Let h be (-16)/4*(-147)/12. Suppose -h = -2*v - 13. What is the tens digit of v?
1
Let b(l) = -3*l + 15. Let z be b(6). Let g = z + 9. What is the units digit of g?
6
Let y(s) = s**2 - 5*s + 5. Let u be y(6). What is the units digit of (-63)/(-2) - u/22?
1
Let j(b) = -3*b + 5*b + 1 + 0*b + 0*b. Let f be j(7). Suppose 1 = 2*y - f. What is the units digit of y?
8
Let n(q) = -13*q - 11. What is the units digit of n(-11)?
2
Suppose 0 = -37*q + 48*q - 3399. What is the units digit of q?
9
Let x be (2/3)/(4/246). Let n = x - 29. Let p = n + -6. What is the units digit of p?
6
Let l be (0 + (-1)/3)*3. Let v(r) be the third derivative of -7*r**6/60 - r**4/24 - r**3/6 - r**2. What is the tens digit of v(l)?
1
Suppose 4*q + 5*h - 280 = 0, 113 + 98 = 3*q + 4*h. What is the tens digit of q?
6
Suppose 4*c = 5*m - 1833, -24*m - 5*c = -20*m - 1450. What is the tens digit of m?
6
Let a(g) = g**3 + 5*g**2 - 4*g - 6. Let j be a(-5). What is the units digit of (-147)/j*8/(-3)?
8
Suppose -3 = f - 7. Let s = f - 4. Suppose -2*w + 43 = 5*j - s*w, 3*w = 12. What is the units digit of j?
7
What is the units digit of (-1 + 1 + 1)*(28 - -23)?
1
Suppose 5*q + 7 = 317. What is the tens digit of q?
6
Suppose -x + 18 = -28. What is the units digit of x?
6
Let v(p) = -p**2 - 5*p + 2. Let s be v(-4). Suppose -u = -s*u + 90. What is the units digit of u?
8
Suppose 0 = 5*f - 11*f + 396. What is the units digit of f?
6
Let q(v) = 25*v - 7. What is the tens digit of q(10)?
4
Let w(o) = 3*o**2 - 3*o + 1. Suppose 17 = -3*p + 6*p - m, 2*p - 5*m - 20 = 0. Suppose 12 = 3*v + 2*i, i - 2*i + p = v. What is the units digit of w(v)?
7
Suppose -z = 3*q - 333, q - 3*q - 3*z + 222 = 0. What is the units digit of q?
1
Let s(c) be the first derivative of -5*c**2/2 - 4. Let v be s(-1). Suppose v*h = 31 + 49. What is the tens digit of h?
1
Let l(s) = -s**3 - 6*s**2 + 6*s - 10. Let z be l(-7). What is the units digit of z/(-6)*2*8?
8
Let s(t) = 4 - 2*t**2 - 7*t**3 + 5*t - 3*t + 6*t**3. What is the units digit of s(-3)?
7
Suppose -c + 3*q = -q + 4, -3*c + 2 = -5*q. Suppose -c*m + 14 = -14. Suppose 4*t - m = -3. What is the units digit of t?
1
Suppose -p + 5*p = -16. Let i(q) = -q - 4. Let v be i(p). Suppose v = 2*a - 14 - 6. What is the units digit of a?
0
Suppose -1 = 4*u - 361. What is the units digit of u?
0
Let n be 37*1*(0 + 1). Suppose -4*g + g = -2*c + n, 5*g = -3*c + 46. What is the tens digit of c?
1
Suppose 5*u = -3*i + 25 + 86, -4*i + 3*u + 177 = 0. What is the tens digit of i?
4
Let s = 250 - 118. What is the hundreds digit of s?
1
Let a = -12 - -32. What is the tens digit of a?
2
Let q(o) = 127*o - 10. What is the units digit of q(1)?
7
Let x(k) = k**2 - 5*k + 3. Let i be x(5). Let c(q) = 4*q - i*q + 10 - 9. What is the units digit of c(0)?
1
Let x(o) = -2*o + 2. Let q be x(2). Suppose z - 9 = -4. Let y = q + z. What is the units digit of y?
3
Let f = -8 - -10. Suppose -f*b = -4*j + 5 + 23, 27 = 3*j - 3*b. Suppose j = -4*w + 25. What is the units digit of w?
5
Suppose -1 + 10 = 3*t. Let w(s) = -3*s - 2. Let l(r) = -2*r - 1. Let f(o) = 6*l(o) - 5*w(o). What is the units digit of f(t)?
3
What is the units digit of 24*(28/6 - 4)?
6
Let t(b) = b**2 - b - 4. Let j be t(0). What is the tens digit of (13 - j) + (-3 - -1)?
1
Let i = 57 + -3. What is the tens digit of i?
5
Suppose p = -2*p - 3*d, 5*p = 4*d + 45. Suppose -c + 10 = p. What is the units digit of c?
5
Let g(o) = o**3 - 6*o**2 + o - 6. Let p be g(6). Let t(d) = -d**3 + d**2 - d + 9. What is the units digit of t(p)?
9
Suppose 18*g = 19*g - 191. Suppose 0*d - 5 = 5*d, 5*u - d = g. What is the units digit of u?
8
Let k(d) = -8*d - 2. Let c(u) = u - 6. Let f be c(4). What is the tens digit of k(f)?
1
Let k = 7 + -7. Let f = 1 + k. What is the units digit of f?
1
Let i(p) = 2*p + 27. What is the units digit of i(-13)?
1
Let r = 150 + -28. What is the tens digit of r?
2
Let f = 348 + -175. What is the hundreds digit of f?
1
Suppose -n + 0*n = -4. Suppose -2*q = n*y - 32, 3*q + 4 = -y + 2. Suppose 0 = -3*u - 0*u + 2*a + 6, -y = -u - 2*a. What is the units digit of u?
4
Let f(c) = c**3 - 5*c**2 + 6*c - 3. Let k be f(4). What is the tens digit of 22 + 1*(2 - k)?
1
Let j(n) = n + 7. Let o be (-4)/8 + (-14)/4. Let d be (-2)/o + (-1)/2. What is the units digit of j(d)?
7
Let m be 2 - 0 - (0 + -1). Suppose -2*t + 13 = a, 0 = m*t + a + 4 - 23. What is the units digit of t?
6
Suppose -2*s + 8 = h, -3*h - s + 19 = -0*s. Suppose -h = -0*c - c. What is the units digit of c?
6
Suppose -9 = -4*s - 3*k, 0*s + 2*k = s - 5. Suppose 0 = x + p + 5, -4*x + s*p - 28 = -p. What is the units digit of (38/(-4))/(3/x)?
9
Let g(q) be the third derivative of -2*q**2 + 0 + 0*q + 0*q**3 + 11/24*q**4. What is the tens digit of g(1)?
1
Let u(v) = 4*v**2 + 0*v**2 + 5*v**2 + 4*v + v**2 + v**3 + 2. What is the tens digit of u(-9)?
4
Suppose 4*w - 3 = 13. Suppose -w*v + 24 = -v. What is the units digit of v?
8
Let m = 84 - 50. Let y = m + -23. What is the tens digit of y?
1
Let u = 1 + 4. What is the units digit of u?
5
Let d = 12 + 11. What is the units digit of d?
3
Suppose 0 = 5*p + 10, -2*g - g - 37 = 2*p. Let r = g - -17. Let q = 10 - r. What is the units digit of q?
4
Suppose -5*l - 4*k = -5*k - 328, 5*l = -2*k + 319. What is the tens digit of l?
6
Suppose 4*h + z - 90 = 0, -2*z + 64 = 3*h - 3*z. What is the tens digit of (h/(-4))/((-1)/2)?
1
Suppose -2*a + 274 = -2*d - 114, 622 = 3*a + 5*d. What is the hundreds digit of a?
1
Let v = 132 - 80. Suppose -b + 2*i + 16 = -0*b, 4*b - 5*i - v = 0. What is the units digit of b?
8
Suppose 0*n = -2*n + 120. Let h = n - 40. What is the tens digit of h?
2
Let s = 9 - 9. Let o(f) = -f + 1. Let d(p) = 3*p - 1. Let j(r) = 2*d(r) + 5*o(r). What is the units digit of j(s)?
3
Let x(i) = 7*i**2. What is the tens digit of x(-2)?
2
Suppose 5*o + a - 509 = 0, -a = -2*o + 3*a + 186. What is the hundreds digit of o?
1
Let f(k) = 5*k + 83. What is the units digit of f(0)?
3
Let p be 3*1 + (-1278)/(-9). Suppose -5*f = -80 - p. What is the tens digit of f?
4
Let k(w) = -245*w. What is the units digit of k(-1)?
5
What is the units digit of (18/(-4))/(7/(-2) - -3)?
9
Suppose -16 - 14 = -5*j. Suppose 15 = -5*q, -4*r - 2*q - j = -0*q. Suppose r*c - 51 = -3*c. What is the units digit of c?
7
Let q = -3 - -63. What is the tens digit of q?
6
Suppose 0*d + 2*d + 5 = 5*f, 0 = -4*d + 3*f + 11. Let x(r) = 2*r**2 - r + 1. Let j be x(2). Suppose -2 = d*o - j. What is the units digit of o?
1
Suppose 0*p = p - 15. What is the tens digit of p?
1
Suppose -2*n + 88 = 2*t, 3*t - 3*n - 141 = -t. What is the units digit of t?
9
Suppose 56*c - 49*c = 1029. What is the tens digit of c?
4
Suppose q + q = 26. What is the tens digit of q?
1
Suppose -u + 62 = -0*u. What is the tens digit of u?
6
Let k(s) = -s**3 - 8*s + 0*s - 5*s - 12*s**2 - 12. Suppose l - 4*l - 43 = 5*i, 50 = -4*l - 3*i. What is the tens digit of k(l)?
1
Let w = -268 + 451. What is the tens digit of w?
8
Let i(n) = n**2 + 5*n + 2. Let s be i(-5). Let o = -23 - -27. Suppose 3*v - o*w = 30 - 11, -w - 16 = -s*v. What is the units digit of v?
9
Let u be (8/10)/(10/450). Suppose 2 - u = -2*k. What is the units digit of k?
7
Suppose -6 = -t + 4. Suppose 3*p - 5*s + 3*s - t = 0, -4*s = 4*p - 20. What is the units digit of p?
4
Let t(p) = -p. Let h be t(-5). Suppose -h*r + 47 = -13. What is the tens digit of r?
1
Suppose 1 = j - r, -3*r = 5*j - 14 - 23. Suppose -41 + 16 = -j*s. What is the units digit of s?
5
Suppose 4*b - 8 = -4*n, 2*n - 13 = -5*b - 2*n. Suppose -32 = -b*t + t. What is the units digit of t?
8
Let v be